+ l. Suppose -18 = -o*r + r. What is the units digit of r?
6
Suppose 2*f = -3*w + 23, -2*f + 6 = 2*w - 12. Suppose w*x - 4 = -3*n, -1 = 5*n + 9. Suppose -3*u = -4*s - 33, x*u = -u + 2*s + 39. What is the units digit of u?
5
Let r = 21 - 17. Let v be (3/r)/(6/(-120)). What is the tens digit of ((-140)/v)/((-2)/(-3))?
1
Suppose -5*j = -20, 5*r - 2*r = 3*j + 234. Suppose -5*n - r = -6*n. What is the tens digit of n?
8
Let r(b) = 5*b**3 + 94*b**2 - 8*b + 1. What is the thousands digit of r(-17)?
2
Let j(y) = -38*y - 3. Let g be j(10). Let h = -218 - g. Suppose x - h = -2*x. What is the tens digit of x?
5
Let v = -593 + 1465. What is the units digit of v?
2
Let b be (-322)/(-35) + 2/(-10). Let j(d) = -d**3 + 9*d**2. Let l be j(b). Suppose -4*n + 2*p - p = -1, l = n - 2*p + 5. What is the units digit of n?
1
Let m(z) = -4*z - 42. Let d(c) = -13*c - 127. Let n(o) = -3*d(o) + 8*m(o). What is the units digit of n(16)?
7
Let a(c) = 99*c**2 + 19*c - 65. What is the hundreds digit of a(5)?
5
Let j(d) = -90*d - 720. What is the hundreds digit of j(-58)?
5
Suppose 4*a = 5*i - 25, 7*i - 15 = 4*i. What is the units digit of (-231)/9*(a/(-5) - 3)?
7
Suppose -4*x - 15 = -r, 3*r = -2*r - 3*x + 6. Suppose -n + 4*v = 1 + 25, -3*v = -r*n - 33. What is the units digit of (-8)/n*12/1?
6
Suppose 19 = -4*o + 2*g - 45, 3*o + 55 = 5*g. Let t be (-30)/(-8) + o/20. Suppose 0*d - 3*d + 5*f = -136, -132 = -t*d + 3*f. What is the units digit of d?
2
What is the tens digit of 3/((-24)/(-56)) - -71?
7
Let p(m) = -m + 12. Let a be p(6). What is the units digit of 1290/18 + 2/a?
2
Suppose -v - 2 + 3 = 0. Suppose 2*u = -3 + v. What is the tens digit of 22 + (0/u)/1?
2
Suppose 4*u - 13588 = -2*h, -7*u + 6*u + 3379 = 5*h. What is the hundreds digit of u?
3
Suppose -2*v + v = 3*b - 205, 4*v + b = 809. What is the tens digit of v?
0
Suppose -42*z = -39*z - 6. Suppose -z*q - 5*q = -574. What is the units digit of q?
2
Suppose -16*h + 11670 = 2310. What is the tens digit of h?
8
Let z be (11/2)/(3/216). Let y = z + -205. What is the tens digit of y?
9
Let a = 18 - 24. Let v = 36 - a. Let z = 19 + v. What is the tens digit of z?
6
Let f(u) = -3 - 3 + 9*u + 5. Let j be f(-4). Let m = -19 - j. What is the units digit of m?
8
Let m = 0 + 72. What is the units digit of m/(-10)*(-140)/21?
8
Let j(d) = -d**3 - 3*d**2 + 4*d + 6. Let m be j(-4). Suppose m*w - w = 200. What is the units digit of w?
0
Suppose 2*p - 90 = 5*p. Let k = 38 - p. What is the tens digit of k?
6
Suppose -2*u + 86 = -4*i, -4*u + 6*i = 2*i - 184. Let m = -4 + u. What is the tens digit of m?
4
Let x be ((-2)/3)/(1/(-3)). Suppose 0*s - 3*f + 7 = -s, 6 = x*f. What is the tens digit of ((-34)/(-4))/(1/s)?
1
Let f = 1150 + -378. What is the hundreds digit of f?
7
Let h = 730 + -425. Suppose 7*p - h = 2*p. What is the tens digit of p?
6
Suppose 3*a - 6 = a. Suppose -a*s - n + 0*n - 7 = 0, -5*s - 14 = 4*n. What is the units digit of -3 + (15 + -3 - s)?
1
What is the tens digit of 1097192/391 + (-2)/17?
0
What is the thousands digit of -6 + (-4 - (-2208 - 7/7))?
2
Suppose -5*x + 5*n + 60 = 0, n - 12 = -x + 6*n. Let c(w) = -4*w + x*w**2 + 4*w + 0*w + w. What is the units digit of c(-1)?
1
Suppose 0 = 22*y - y - 12705. What is the units digit of y?
5
Suppose 2*n - 3*n - 660 = 5*l, -3*n = -l - 132. Let a = 173 + l. What is the tens digit of a?
4
Suppose 2*h + 0 = -2, 3 = -t - 5*h. Suppose -58 = 3*k + t*i, -13 = 2*k + 4*i + 39. What is the tens digit of ((-210)/(-14))/((-6)/k)?
4
What is the units digit of (0 - 922)*(-17 + 12 + 1)?
8
Suppose -4*a + a = -3. Let f be (44 - a)*4/4. Suppose 86 = 2*k + 4*d, 3*k - 168 = -2*d - f. What is the units digit of k?
1
Suppose -9*i + 14 + 85 = 0. Suppose 9*y - i*y + 400 = 0. What is the units digit of y?
0
Suppose 2312 = -55*s + 63*s. What is the tens digit of s?
8
Suppose -5*w = 5*g - 1275, -240 - 1067 = -5*g + 3*w. What is the tens digit of g?
5
Suppose -9 = n - p, 3*n = -4*p - 21 - 13. Let k be -6*n/(-15) + 34. Let v = k - -18. What is the tens digit of v?
4
Suppose 6*q - 3*q - 5*r - 107 = 0, -132 = -4*q - 4*r. Let f = q - -55. What is the units digit of f?
9
Let x(w) = -1172*w + 426. What is the hundreds digit of x(-3)?
9
Let b(q) = -10*q**3 - 4*q**2 + 4*q - 1. Let d be b(2). Let o = d + 149. What is the units digit of o?
0
Let z(o) = 10*o + 4 - o**2 - 24*o - 5 + 16. What is the tens digit of z(-10)?
5
Suppose -18 = 4*q + 2. Let r = -1 - q. Suppose 3*v - 4*y - 89 = 0, 5*v + r*y = y + 100. What is the tens digit of v?
2
Suppose 1610 = -13*u + 6329. What is the tens digit of u?
6
Let c be (0 - -1)*(18 - 3). What is the units digit of (c/3 - 4)*153?
3
What is the hundreds digit of ((-63)/(-42))/((-1)/(-2440)*6)?
6
Suppose -5 = -12*k - 149. What is the tens digit of ((-170)/4 + 4)/(3/k)?
5
Let g(s) = -s**2 - 2*s + 1. Let d be g(-2). Suppose l = 7 - d. Let u = l + 13. What is the tens digit of u?
1
Let k = 34 - 37. What is the units digit of ((-55)/3 - 3)*k?
4
Let a be (-6)/4*1310/(-15). Let u = a - 89. Let i = u + -20. What is the units digit of i?
2
Let x(j) = -j**2 + 7*j - 7. Let r be x(4). Suppose -44 = -r*g + 156. What is the tens digit of g?
4
Let v = 37 + -41. What is the tens digit of (v/(-6))/(6/225)?
2
Suppose 0 = -2*v - 5*s + 43, 70 = 4*v + 2*s + 8. Let m = 19 - v. Let p(j) = j**3 - 3*j**2 + 2*j - 1. What is the tens digit of p(m)?
5
Suppose -23 = q + 5*i, -5*q + 5 = -4*i + 4. What is the units digit of -41*5/15*q?
1
Suppose -5*h + 14874 = -11236. What is the hundreds digit of h?
2
Let k(z) = -z**3 - 7*z**2 + 7*z + 25. Let g be k(-8). Let l = g + 96. What is the hundreds digit of l?
1
What is the hundreds digit of 1518/6 + -5 - (0 - 4)?
2
Suppose j = -4*w + 2*w - 22, 48 = -4*j + 2*w. Suppose -t + 6 = -4*t, -5*f + 3*t = -131. Let v = f + j. What is the tens digit of v?
1
Let q(h) = -h**2. Let l be q(0). Suppose l*i - 115 = -5*i. Let x = 35 - i. What is the units digit of x?
2
Suppose -17*p + 5193 + 5075 = 0. What is the hundreds digit of p?
6
Let u = -3 - -3. Let a = 2 + -2. Suppose u = 4*y + 5*j - 49, 3*y - 6*j + j + 7 = a. What is the units digit of y?
6
Suppose 4*y - 20 = v, -4*v - 27 = -2*y - 3. Suppose f - 25 = -y*f, -144 = -x + f. What is the hundreds digit of x?
1
Let g(q) = q**2 + 17*q + 19. Let c be g(-16). Suppose 3*n - 28 = -n + 4*r, -4*n - c*r + 35 = 0. What is the units digit of n?
8
Let y be (0 + 10 - -4)*1. What is the tens digit of ((-24)/y)/((-8)/196)?
4
Let b(u) = 2*u + 41. Let c(h) = h + 40. Let s(n) = -2*b(n) + 3*c(n). What is the units digit of s(17)?
1
Suppose 4*q + 9 - 69 = 0. Suppose -4 = x - q. Let w = x - 1. What is the tens digit of w?
1
Suppose -234*z + 240*z - 10566 = 0. What is the thousands digit of z?
1
Let i(q) = 3*q**2 + 8*q - 7. Let y be i(-4). What is the tens digit of y/(-45) + (-231)/(-5)?
4
Suppose -53*f - 1070 = -58*f. What is the tens digit of f?
1
What is the units digit of (7 + -2)*-114*3/(-10)?
1
Let f(b) be the first derivative of b**2/2 - 7*b + 4. Let t be f(8). Suppose 2*z - 17 = t. What is the units digit of z?
9
Suppose 2*i + 6140 = 7*i. What is the thousands digit of i?
1
Let x = -72 + 162. Let a = 82 + -80. Suppose j - x = -5*b, 18 = -0*b + b - a*j. What is the units digit of b?
8
Suppose 2*l + 2*u - 14 = -2*u, 1 = -u. Suppose 3*y - l = 4*h, 0*h + 6 = h + 2*y. Suppose h = -2*m + 5*m - 48. What is the units digit of m?
6
Let w(x) be the third derivative of -x**4/8 + 29*x**3/3 + 11*x**2. What is the units digit of w(-23)?
7
Let u be 2*(3 - (15/(-6))/(-5)). Suppose -d - 5*y + 94 = 0, -y + u*y = -5*d + 533. What is the tens digit of d?
0
Let u = 84 - -354. What is the units digit of u?
8
Let m(u) = -u**2 - 7*u - 6. Let i be m(-3). Let z(p) = -p**3 + 6*p**2 + 2*p - 10. Let f be z(i). Suppose f*h = 72 + 18. What is the units digit of h?
5
Let y = -2160 - -1529. Let q = -415 - y. What is the units digit of q?
6
Let f = -5 - -8. Suppose -f*b + 4*b = 0. Suppose -4*l + 5*l - 23 = b. What is the units digit of l?
3
Suppose -3*x = -f + 15, 5*f - 30 = 4*x + 45. Suppose 4*z - f = -z. What is the units digit of z?
3
Let t(p) = -23*p + 452. What is the hundreds digit of t(-56)?
7
Let p be ((-108)/(-30))/(6/20). Let k = p - 4. What is the units digit of k?
8
Let g = -161 + 544. What is the tens digit of g?
8
Let u(g) = g**3 + 8*g**2 + 4*g + 2. Let t be